e 2*g = 0, -2*a + 207*g - 211*g = -50. Calculate the remainder when 144 is divided by a.
19
Suppose 193 = 7*z + 74. What is the remainder when z is divided by 12?
5
Let j(k) = -2*k + 8. Let c(m) = -2*m + 7. Let d(b) = 5*c(b) - 4*j(b). Calculate the remainder when 41 is divided by d(-6).
11
Let n = -114 - -143. Let s = -201 + 285. What is the remainder when s is divided by n?
26
Suppose 26*n = 828 + 654. Calculate the remainder when n is divided by 13.
5
Let r = 1092 + -615. What is the remainder when r is divided by 30?
27
Let p = 245 + -177. Calculate the remainder when p is divided by 12.
8
Suppose -14 = -q - 4*l, 5*q + 7 = -l + 1. Let z = 12 - 8. What is the remainder when z/(-6 - q) + 10 is divided by 4?
1
Let g = 205 - 193. Suppose -2*u - 76 = 2*u. Let h = 42 + u. Calculate the remainder when h is divided by g.
11
Let w = 242 - 144. Calculate the remainder when w is divided by 6/(-4)*5/((-10)/44).
32
Let n = -3097 - -4356. Calculate the remainder when n is divided by 36.
35
Let p = -2 + 5. Suppose p*k + 49 - 151 = 0. Suppose 431 = 2*l + 5*i + 417, l - 5*i = 22. Calculate the remainder when k is divided by l.
10
Suppose 8*s = -3*s + 902. Let f = -7 + s. Calculate the remainder when f is divided by 19.
18
Let w = -14 + 19. Suppose 0 = 5*z + w. What is the remainder when 81 is divided by 3 + 0 + z + 19?
18
Let c(m) = 4*m**3 + 6*m**2 - 9*m + 1. What is the remainder when c(4) is divided by 40?
37
Suppose h + 48 = 3*h. Suppose 0*i + h = o + i, -6 = -2*i. Calculate the remainder when o is divided by 8.
5
Suppose 9507*q - 9500*q = 504. Calculate the remainder when 195 is divided by q.
51
Let b(f) = -61*f - 1. Let y(a) be the third derivative of a**5/30 + 7*a**4/24 + a**3/6 + 25*a**2. Calculate the remainder when b(-2) is divided by y(-6).
28
Let l = 23 + -7. Suppose 13 = 23*a - 22*a. Let k = l - a. Calculate the remainder when 4 is divided by k.
1
Suppose 0 = 5*p - 2*u - 2*u - 11, -3*p + 8 = -u. Suppose p*n + 4*t - t = 117, 5*t = -3*n + 107. What is the remainder when n is divided by -3 + (-18)/(-1) - 3?
8
Let l(z) = 3*z**2 + z - 8. Let h be l(-4). Calculate the remainder when (h + -25)*-2*(-2)/4 is divided by 20/(-15)*(-6)/4.
1
Let c = -194 - -285. Calculate the remainder when c is divided by 23.
22
Let j(m) be the third derivative of -m**5/60 - 5*m**4/12 - m**3/6 + 13*m**2. Calculate the remainder when 102 is divided by j(-8).
12
Let r(i) = -4*i**2 - 31*i + 22. Let m = -71 + 139. Suppose -3*k + 2*w = -54, -4*k - 4*w + m = k. Calculate the remainder when r(-7) is divided by k.
11
Suppose 9*x - 4*x = -2*n + 17, 4*n + x = 25. Let b = n - 6. Suppose 2*h - 24 - 6 = b. Calculate the remainder when 59 is divided by h.
14
Suppose 0 = -5*l + 40 + 50. Let f = 64 + -37. Calculate the remainder when f is divided by (15/(-6))/((-3)/l).
12
Suppose 12*n = -11 + 191. Calculate the remainder when (252/n)/(3/30) + 4 is divided by 59.
54
Let s be 84/5*(-13 - -8). What is the remainder when 6 is divided by s/(-98)*14/3?
2
Suppose 2*f - 4 = 4*f. Calculate the remainder when (f/(-3))/((-2)/(-102)) is divided by 13.
8
Suppose -2*g = -c + g + 8, g = 4*c - 54. What is the remainder when -10*(-1 - (-2)/(-4)) is divided by c?
1
Let m(d) be the first derivative of 12*d**3 - 4. Calculate the remainder when 69 is divided by m(-1).
33
What is the remainder when ((-4)/(-6))/(4/498) is divided by -3*((-1)/2)/((-9)/(-102))?
15
Let y(i) = i**3 - 5*i**2 + 1. Let m be 2 - (3 - 2) - -2. Suppose 4*z = m*p + 10, z - 1 + 8 = -4*p. What is the remainder when z is divided by y(5)?
0
Let u = -117 + 126. What is the remainder when 16 is divided by u?
7
Let w be (-2 + 10)*(-2)/(-1). Suppose 58 = n + w. Let v(r) = r**3 + 11. What is the remainder when n is divided by v(0)?
9
Let c(h) = h**2 + 10*h - 63. Calculate the remainder when 63 is divided by c(-16).
30
Let m(d) = 4*d - d**3 + 0*d**2 - 10 - 7*d**2 - 12*d. Let n be m(-6). Suppose n*w - 3*o - 7 = 3, 4*w - 48 = -o. What is the remainder when 19 is divided by w?
8
Suppose 14*d + 3*d - 85 = 0. Suppose -20 = -d*h, 5*h - 180 = -2*z - 3*z. What is the remainder when 127 is divided by z?
31
Let z = -16147 - -16207. Suppose -2*l + 6*a = 3*a - 81, 3*l - 124 = 5*a. What is the remainder when z is divided by l?
27
Suppose 0 = -5*f - 4*q + 1224, -4*f + 1008 = -0*q - 4*q. Calculate the remainder when f is divided by 12.
8
Let q be (10/(-20))/(1/(-18)). What is the remainder when 34 is divided by 83/q - (-4 - (-76)/18)?
7
Suppose 4*k + 1092 = 3*p, -3*k - 728 = 12*p - 14*p. What is the remainder when p is divided by 35?
14
Let n be -2 - -2 - (-145 - 0). Suppose -2*m = 5*d - 0*m - n, -4*d - 5*m = -133. What is the remainder when d is divided by 6?
3
Suppose -4 - 6 = -2*h. Suppose 2 = 6*c - 5*c, -5*c + 4 = -2*w. Suppose -w*g = 0, -h*g - 33 - 6 = -3*p. Calculate the remainder when 23 is divided by p.
10
Suppose 4*n = -3*a + 34, -4*a - 5*n + n = -52. What is the remainder when 55 + ((-6)/a)/(1/6) is divided by 28?
25
Suppose 16*g - 423 = -103. Calculate the remainder when g is divided by 15.
5
Let t = -11 - -20. Let b(r) = -4*r**2 + 39*r - 8. Calculate the remainder when 151 is divided by b(t).
18
Let i be 7 + 1 + (-10 - -9). Suppose i*y - 3*y = 184. What is the remainder when y is divided by 12?
10
Let n(l) = -6 + 4 + 2 + 5 + l. Calculate the remainder when 38 is divided by n(5).
8
Let f be (-32 - -5)*(-2)/3. Let y be f/(-63) - (-26)/(-7). Calculate the remainder when (-1)/y - 86/(-8) is divided by 6.
5
Let c(d) = d**2 + 7*d + 9. Let g be c(-7). What is the remainder when 33 is divided by g/15 + 4 + 2/5?
3
Suppose -2*v = -4*o + 40, -2*v + 71 = -5*v - 5*o. Let z(l) = l**3 + 23*l**2 + 21*l - 17. What is the remainder when 10 is divided by z(v)?
0
Let o be ((-20)/(-16))/(2/(-8))*-12. Suppose 0 = -j + 20 + o. Suppose 0*u + 56 = 2*u. Calculate the remainder when j is divided by u.
24
Suppose 4*p = 4*d - 364, 94 = -0*d + d - 4*p. What is the remainder when d is divided by 21?
6
Let v be ((-3)/(-3) + 0)*1. Let q(y) = -11*y - 25. What is the remainder when v*(-2 + 4) + 73 is divided by q(-4)?
18
Suppose -6*j + 420 = -j. Suppose y = -g + 33, 3*g - 91 = -5*y + j. Suppose y = 3*u - 4*r, -u + 6*u - 73 = -3*r. Calculate the remainder when 53 is divided by u.
11
Let f be 4/(-10) + (-108)/5. Let d = 11 + f. Let x = d - -17. What is the remainder when 9 is divided by x?
3
Suppose 4*m - 74 = -3*l + l, 0 = -l + 3*m + 42. Suppose -3*v - y = -52, 4*v = 7*y - 10*y + 76. Calculate the remainder when l is divided by v.
7
Calculate the remainder when 86 is divided by (120/(-6))/(-5)*52/16.
8
Suppose 0*q = 2*q - 200. Suppose -2*o + q = 2*o. Suppose -4*f + 23 = -o. Calculate the remainder when 23 is divided by f.
11
What is the remainder when 5 + 499 + -2 + -1 + -4 is divided by 50?
47
Let n be 2/3 + 1150/(-15). Let r = n - -106. Let b = -11 + 129. What is the remainder when b is divided by r?
28
Suppose 0 = 28*z - 1131 + 151. Calculate the remainder when 59 is divided by z.
24
Let c = 2 + -2. Suppose c = -5*v - 0*v + 115. Let r(u) = u**3 + 52*u**2 - 167*u - 98. What is the remainder when v is divided by r(-55)?
11
Let o be (-1 + 1)*(-2)/4. Suppose 0 = 3*t + 5*c - 48, 4*t - 5*c - 22 - 7 = 0. Calculate the remainder when (1 + o)/((-4)/(-116)) is divided by t.
7
Let y(n) = 4*n**2 + n + 5. Let u be ((-28)/21)/((-16)/36). What is the remainder when 83 is divided by y(u)?
39
Let c(w) = 2*w**3 + 11*w**2 - 3 + 8*w - w**3 + 2. Let u(f) = -5*f**2 - 15*f + 40. Let s be u(2). Calculate the remainder when 36 is divided by c(s).
17
What is the remainder when 66 is divided by 9 + 31 - (3 + (1 - 9))?
21
Let i(z) = -z**2 + 13*z + 4. Let a be i(13). Suppose -a*h + 42 = 10*h. Calculate the remainder when 8 is divided by h.
2
Let f(z) = 2*z - 14. Suppose -5*r = -3*y - r + 41, -27 = -3*y - 3*r. What is the remainder when y is divided by f(10)?
5
Let r(k) be the first derivative of 38*k**3/3 - k**2/2 + 2. Let y(q) = -9*q - 4. Calculate the remainder when r(-1) is divided by y(-2).
11
Let g = 119 + -102. Let x = -31 - -80. What is the remainder when x is divided by g?
15
Let h(k) = k**3 + 9*k**2 - 21*k - 40. What is the remainder when h(-9) is divided by 32?
21
Suppose 72*f = 88 + 272. What is the remainder when 216 is divided by f?
1
What is the remainder when 1/(-2)*(2 + -161 + 3) is divided b